
True
Is 18898267 a prime number?
False
Is 99124199 a prime number?
True
Is 12205519 prime?
False
Is 10209731 composite?
True
Is 2866519 composite?
False
Is 8780837 a composite number?
True
Is 788587 composite?
True
Is 137033881 a prime number?
False
Is 3186355 a prime number?
False
Is 4029934 prime?
False
Is 316121 prime?
False
Is 9087427 composite?
False
Is 314096413 prime?
True
Is 80903723 a prime number?
False
Is 423673 a prime number?
False
Is 683673799 prime?
True
Is 129495595 composite?
True
Is 266765459 a prime number?
True
Is 14331055 prime?
False
Is 46422931 a prime number?
False
Is 77025541 composite?
False
Is 4287755 composite?
True
Is 99992939 a composite number?
False
Is 2669837 prime?
True
Is 9371303 a prime number?
True
Is 187468927 prime?
True
Is 9988157 prime?
True
Is 20787313 a prime number?
True
Is 514325081 a prime number?
True
Is 3554906 prime?
False
Is 2842069 composite?
False
Is 52631795 prime?
False
Is 628423 prime?
True
Is 42374063 a prime number?
False
Is 2749207 composite?
False
Is 8583167 composite?
False
Is 3652274 a prime number?
False
Is 120321791 prime?
True
Is 7754389 composite?
True
Is 40297 composite?
True
Is 7281178 composite?
True
Is 826127 a prime number?
False
Is 38843074 composite?
True
Is 6230621 a prime number?
False
Is 804469 prime?
False
Is 54519851 a prime number?
True
Is 1683548827 a composite number?
True
Is 2847577 composite?
True
Is 14191 a prime number?
False
Is 13162939 prime?
True
Is 481667 a prime number?
True
Is 1467673 a composite number?
False
Is 315271 prime?
False
Is 138801587 a composite number?
False
Is 22818371 composite?
True
Is 212938351 prime?
False
Is 122920079 a composite number?
False
Is 133858099 a composite number?
False
Is 143354683 composite?
False
Is 10668521 prime?
True
Is 280961 a composite number?
True
Is 533563 a composite number?
True
Is 14363767 prime?
False
Is 15497869 composite?
False
Is 189333197 composite?
False
Is 5865347 prime?
True
Is 7516493 composite?
False
Is 19458689 a composite number?
False
Is 10373533 a composite number?
True
Is 24375529 prime?
False
Is 21301817 a prime number?
False
Is 3116207 a prime number?
True
Is 350408209 prime?
False
Is 51998 prime?
False
Is 5388485 a composite number?
True
Is 165875939 composite?
False
Is 188558189 composite?
False
Is 240620357 a prime number?
False
Is 92017279 a prime number?
True
Is 276191 composite?
False
Is 1996536449 a prime number?
True
Is 254083 prime?
True
Is 742158721 prime?
False
Is 22250333 composite?
True
Is 1703171 a composite number?
True
Is 2330617 composite?
False
Is 178947991 a prime number?
False
Is 120221 a composite number?
True
Is 2636279 composite?
False
Is 25773541 prime?
True
Is 213688207 composite?
False
Is 3664361 a prime number?
True
Is 56943899 a prime number?
True
Is 4341073 prime?
False
Is 1827071 composite?
False
Is 75621526 prime?
False
Is 8182322 a prime number?
False
Is 505181 composite?
False
Is 76547591 composite?
False
Is 11506717 a prime number?
False
Is 2500481 a prime number?
False
Is 1169587 a composite number?
False
Is 39857239 prime?
True
Is 1886081 a composite number?
False
Is 12995029 composite?
True
Is 323693 a composite number?
True
Is 10265561 prime?
True
Is 1835633 a composite number?
False
Is 3522423 a composite number?
True
Is 18169237 prime?
True
Is 307081 prime?
False
Is 19814729 a composite number?
True
Is 1561577 composite?
False
Is 2439487 a composite number?
False
Is 8192371 a composite number?
True
Is 428964559 a prime number?
False
Is 12538873 a prime number?
True
Is 682387 a prime number?
False
Is 8254429 prime?
True
Is 15412811 composite?
False
Is 5867497 a prime number?
False
Is 115866449 composite?
False
Is 1351267 prime?
True
Is 75036602 a composite number?
True
Is 92144995 composite?
True
Is 11196667 a composite number?
True
Is 477793 prime?
False
Is 30555167 a prime number?
True
Is 147221959 prime?
False
Is 133482611 a prime number?
True
Is 3115769 a composite number?
False
Is 8355862 a prime number?
False
Is 21547723 a composite number?
True
Is 479267741 composite?
False
Is 154937 composite?
False
Is 62550451 a composite number?
True
Is 200341 composite?
False
Is 1993679 a composite number?
False
Is 724077193 prime?
False
Is 17846011 a prime number?
True
Is 289369579 a composite number?
False
Is 255424751 composite?
True
Is 828355769 a prime number?
False
Is 5625331 prime?
True
Is 130822877 a composite number?
False
Is 12879031 prime?
False
Is 710974361 composite?
False
Is 28136651 composite?
False
Is 67957 a prime number?
True
Is 31749997 a prime number?
False
Is 388380745 composite?
True
Is 94574549 a composite number?
False
Is 200688967 a composite number?
False
Is 2173319 prime?
True
Is 237492613 a composite number?
False
Is 4427809 a prime number?
True
Is 152604367 composite?
False
Is 15465761 a composite number?
False
Is 107196133 a prime number?
False
Is 5946877 prime?
True
Is 572119987 a composite number?
False
Is 3894469 composite?
False
Is 681309523 a prime number?
True
Is 467887 composite?
True
Is 2241937 a composite number?
True
Is 7946801 prime?
True
Is 12647431 composite?
True
Is 3063955 a composite number?
True
Is 28564927 prime?
False
Is 629663 a prime number?
False
Is 14426803 composite?
True
Is 6582527 prime?
False
Is 19196413 a prime number?
True
Is 63291115 a prime number?
False
Is 86413661 a composite number?
False
Is 1139249 composite?
False
Is 22030087 a composite number?
True
Is 67338109 composite?
True
Is 320631293 composite?
True
Is 37469371 composite?
False
Is 11731 composite?
False
Is 4818829 a composite number?
False
Is 4234561 composite?
True
Is 23409229 composite?
True
Is 720881 composite?
True
Is 5141347 a composite number?
False
Is 461467 a composite number?
False
Is 271867949 prime?
True
Is 4891927 composite?
False
Is 30708823 a composite number?
False
Is 5123197 prime?
True
Is 52991413 prime?
True
Is 2211683 composite?
True
Is 19210141 a prime number?
False
Is 140622179 prime?
True
Is 10440127 composite?
False
Is 178427363 a composite number?
False
Is 649303 a prime number?
False
Is 35334301 a prime number?
True
Is 53171081 a prime number?
True
Is 361287407 prime?
False
Is 1815731 a composite number?
False
Is 11154291 a prime number?
False
Is 2680357 prime?
True
Is 42816443 prime?
False
Is 113180227 a composite number?
False
Is 15167939 a prime number?
True
Is 345379 composite?
False
Is 205741993 a prime number?
True
Is 119234173 a composite number?
False
Is 71963753 composite?
True
Is 796057 prime?
False
Is 145349 a composite number?
False
Is 763720483 composite?
False
Is 1584047 a composite number?
False
Is 271979761 composite?
True
Is 578893 a prime number?
False
Is 566776513 a prime number?
True
Is 259874 a composite number?
True
Is 301055891 composite?
False
Is 4968259 composite?
True
Is 1549523 a composite number?
True
Is 390228647 a composite number?
False
Is 432318013 composite?
False
Is 3241681 composite?
True
Is 160795991 composite?
False
Is 264586871 composite?
True
Is 794879 a prime number?
True
Is 48877753 a prime number?
False
Is 2335519 prime?
True
Is 1136171 prime?
False
Is 3907693 prime?
True
Is 200573227 a prime number?
True
Is 9243943 composite?
True
Is 576091 a composite number?
True
Is 101914217 a prime number?
True
Is 223901399 a prime number?
True
Is 26596457 composite?
False
Is 3557867 a composite number?
False
Is 807401 composite?
True
Is 23540441 prime?
True
Is 1667798905 a composite number?
True
Is 99405769 prime?
True
Is 4475701 a prime number?
True
Is 20385851 a prime number?
True
Is 4949069 a composite number?
True
Is 988463 a composite number?
True
Is 101968003 prime?
False
Is 71287 prime?
True
Is 107823077 prime?
True
Is 453289 prime?
True
Is 122917 composite?
True
Is 66936731 a composite number?
False
Is 41765 a prime number?
False
Is 1028015 a composite number?
True
Is 17889119 a composite number?
False
Is 428297 prime?
True
Is 76615003 composite?
False
Is 57011 a composite number?
True
Is 13955843 a prime number?
False
Is 2703143 prime?
False
Is 60671869 composite?
False
Is 19759141 composite?
True
Is 111110647 prime?
True
Is 97761617 composite?
False
Is 11171179 prime?
True
Is 10324727 composite?
True
Is 2794697 a composite number?
True
Is 9574511 composite?
True
Is 3928